{"id":1623,"date":"2024-10-11T18:51:11","date_gmt":"2024-10-11T16:51:11","guid":{"rendered":"https:\/\/www.mediachrist.net\/?page_id=1623"},"modified":"2025-01-03T19:02:29","modified_gmt":"2025-01-03T18:02:29","slug":"ressources-pour-soi-meme","status":"publish","type":"page","link":"https:\/\/mediachrist.net\/index.php\/ressources\/ressources-pour-soi-meme\/","title":{"rendered":"Ressources pour soi-m\u00eame"},"content":{"rendered":"\t\t<div data-elementor-type=\"wp-page\" data-elementor-id=\"1623\" class=\"elementor elementor-1623\">\n\t\t\t\t<div class=\"elementor-element elementor-element-3105162a e-flex e-con-boxed wpr-particle-no wpr-jarallax-no wpr-parallax-no wpr-sticky-section-no wpr-equal-height-no e-con e-parent\" data-id=\"3105162a\" data-element_type=\"container\" data-e-type=\"container\" data-settings=\"{&quot;background_background&quot;:&quot;classic&quot;}\">\n\t\t\t\t\t<div class=\"e-con-inner\">\n\t\t\t\t<div class=\"elementor-element elementor-element-d2a378b elementor-widget__width-initial elementor-widget-mobile__width-inherit elementor-widget elementor-widget-heading\" data-id=\"d2a378b\" data-element_type=\"widget\" data-e-type=\"widget\" data-widget_type=\"heading.default\">\n\t\t\t\t<div class=\"elementor-widget-container\">\n\t\t\t\t\t<h2 class=\"elementor-heading-title elementor-size-default\">pour soi-m\u00eame<\/h2>\t\t\t\t<\/div>\n\t\t\t\t<\/div>\n\t\t\t\t\t<\/div>\n\t\t\t\t<\/div>\n\t\t<div class=\"elementor-element elementor-element-2aa19b7 e-flex e-con-boxed wpr-particle-no wpr-jarallax-no wpr-parallax-no wpr-sticky-section-no wpr-equal-height-no e-con e-parent\" data-id=\"2aa19b7\" data-element_type=\"container\" data-e-type=\"container\">\n\t\t\t\t\t<div class=\"e-con-inner\">\n\t\t<div class=\"elementor-element elementor-element-2f586e7 e-con-full e-flex wpr-particle-no wpr-jarallax-no wpr-parallax-no wpr-sticky-section-no wpr-equal-height-no e-con e-child\" data-id=\"2f586e7\" data-element_type=\"container\" data-e-type=\"container\">\n\t\t\t\t<div class=\"elementor-element elementor-element-3dfa16d elementor-position-left elementor-position-left elementor-position-left elementor-vertical-align-top elementor-vertical-align-top elementor-widget elementor-widget-image-box\" data-id=\"3dfa16d\" data-element_type=\"widget\" data-e-type=\"widget\" data-widget_type=\"image-box.default\">\n\t\t\t\t<div class=\"elementor-widget-container\">\n\t\t\t\t\t<div class=\"elementor-image-box-wrapper\"><figure class=\"elementor-image-box-img\"><a href=\"https:\/\/mediachrist.net\/index.php\/blog\/\" tabindex=\"-1\"><img fetchpriority=\"high\" decoding=\"async\" width=\"1280\" height=\"853\" src=\"https:\/\/mediachrist.net\/wp-content\/uploads\/2024\/07\/bible_priere.jpg\" class=\"attachment-full size-full wp-image-845\" alt=\"\" srcset=\"https:\/\/mediachrist.net\/wp-content\/uploads\/2024\/07\/bible_priere.jpg 1280w, https:\/\/mediachrist.net\/wp-content\/uploads\/2024\/07\/bible_priere-300x200.jpg 300w, https:\/\/mediachrist.net\/wp-content\/uploads\/2024\/07\/bible_priere-1024x682.jpg 1024w, https:\/\/mediachrist.net\/wp-content\/uploads\/2024\/07\/bible_priere-768x512.jpg 768w, https:\/\/mediachrist.net\/wp-content\/uploads\/2024\/07\/bible_priere-600x400.jpg 600w\" sizes=\"(max-width: 1280px) 100vw, 1280px\" \/><\/a><\/figure><div class=\"elementor-image-box-content\"><h3 class=\"elementor-image-box-title\"><a href=\"https:\/\/mediachrist.net\/index.php\/blog\/\">Articles du blog<\/a><\/h3><p class=\"elementor-image-box-description\">Des r\u00e9flexions enrichissantes et inspir\u00e9es, ancr\u00e9es dans les enseignements bibliques. Que vous soyez en qu\u00eate de r\u00e9ponses, de r\u00e9confort ou d'encouragement, ces articles visent \u00e0 nourrir votre \u00e2me et \u00e0 renforcer votre relation avec Dieu.<\/p><\/div><\/div>\t\t\t\t<\/div>\n\t\t\t\t<\/div>\n\t\t\t\t<\/div>\n\t\t<div class=\"elementor-element elementor-element-b4be18c e-con-full e-flex wpr-particle-no wpr-jarallax-no wpr-parallax-no wpr-sticky-section-no wpr-equal-height-no e-con e-child\" data-id=\"b4be18c\" data-element_type=\"container\" data-e-type=\"container\">\n\t\t\t\t<div class=\"elementor-element elementor-element-4392c76 elementor-position-right elementor-vertical-align-top elementor-widget elementor-widget-image-box\" data-id=\"4392c76\" data-element_type=\"widget\" data-e-type=\"widget\" data-widget_type=\"image-box.default\">\n\t\t\t\t<div class=\"elementor-widget-container\">\n\t\t\t\t\t<div class=\"elementor-image-box-wrapper\"><figure class=\"elementor-image-box-img\"><a href=\"https:\/\/mediachrist.net\/index.php\/cours-biblique\/\" tabindex=\"-1\"><img decoding=\"async\" width=\"1280\" height=\"720\" src=\"https:\/\/mediachrist.net\/wp-content\/uploads\/2024\/04\/verites-de-la-Bible.png\" class=\"attachment-full size-full wp-image-784\" alt=\"\" srcset=\"https:\/\/mediachrist.net\/wp-content\/uploads\/2024\/04\/verites-de-la-Bible.png 1280w, https:\/\/mediachrist.net\/wp-content\/uploads\/2024\/04\/verites-de-la-Bible-300x169.png 300w, https:\/\/mediachrist.net\/wp-content\/uploads\/2024\/04\/verites-de-la-Bible-1024x576.png 1024w, https:\/\/mediachrist.net\/wp-content\/uploads\/2024\/04\/verites-de-la-Bible-768x432.png 768w, https:\/\/mediachrist.net\/wp-content\/uploads\/2024\/04\/verites-de-la-Bible-600x338.png 600w\" sizes=\"(max-width: 1280px) 100vw, 1280px\" \/><\/a><\/figure><div class=\"elementor-image-box-content\"><h3 class=\"elementor-image-box-title\"><a href=\"https:\/\/mediachrist.net\/index.php\/cours-biblique\/\">cours biblique<\/a><\/h3><p class=\"elementor-image-box-description\">Avec le cours en vid\u00e9o \"V\u00e9rit\u00e9s de la Bible\" nous vous proposons un parcours qui vous plonge au c\u0153ur des enseignements essentiels de la Bible, structur\u00e9 selon le Petit Cat\u00e9chisme du Dr. Martin Luther.<\/p><\/div><\/div>\t\t\t\t<\/div>\n\t\t\t\t<\/div>\n\t\t\t\t<\/div>\n\t\t<div class=\"elementor-element elementor-element-517d2a4 e-con-full e-flex wpr-particle-no wpr-jarallax-no wpr-parallax-no wpr-sticky-section-no wpr-equal-height-no e-con e-child\" data-id=\"517d2a4\" data-element_type=\"container\" data-e-type=\"container\">\n\t\t\t\t<div class=\"elementor-element elementor-element-46dfce4 elementor-position-left elementor-vertical-align-top elementor-widget elementor-widget-image-box\" data-id=\"46dfce4\" data-element_type=\"widget\" data-e-type=\"widget\" data-widget_type=\"image-box.default\">\n\t\t\t\t<div class=\"elementor-widget-container\">\n\t\t\t\t\t<div class=\"elementor-image-box-wrapper\"><figure class=\"elementor-image-box-img\"><a href=\"https:\/\/mediachrist.net\/index.php\/ressources\/archives\/brochures\/\" tabindex=\"-1\"><img decoding=\"async\" width=\"2258\" height=\"1562\" src=\"https:\/\/mediachrist.net\/wp-content\/uploads\/2024\/10\/brochures2.jpg\" class=\"attachment-full size-full wp-image-1443\" alt=\"\" srcset=\"https:\/\/mediachrist.net\/wp-content\/uploads\/2024\/10\/brochures2.jpg 2258w, https:\/\/mediachrist.net\/wp-content\/uploads\/2024\/10\/brochures2-300x208.jpg 300w, https:\/\/mediachrist.net\/wp-content\/uploads\/2024\/10\/brochures2-1024x708.jpg 1024w, https:\/\/mediachrist.net\/wp-content\/uploads\/2024\/10\/brochures2-768x531.jpg 768w, https:\/\/mediachrist.net\/wp-content\/uploads\/2024\/10\/brochures2-1536x1063.jpg 1536w, https:\/\/mediachrist.net\/wp-content\/uploads\/2024\/10\/brochures2-2048x1417.jpg 2048w, https:\/\/mediachrist.net\/wp-content\/uploads\/2024\/10\/brochures2-600x415.jpg 600w\" sizes=\"(max-width: 2258px) 100vw, 2258px\" \/><\/a><\/figure><div class=\"elementor-image-box-content\"><h3 class=\"elementor-image-box-title\"><a href=\"https:\/\/mediachrist.net\/index.php\/ressources\/archives\/brochures\/\">brochure du moment<\/a><\/h3><p class=\"elementor-image-box-description\">P\u00e9riodiquement, nous mettons en lumi\u00e8re une brochure sp\u00e9cifique issue de notre collection. Cette litt\u00e9rature approfondit divers aspects de la vie, offrant une perspective chr\u00e9tienne enrichissante et des r\u00e9flexions inspirantes.<\/p><\/div><\/div>\t\t\t\t<\/div>\n\t\t\t\t<\/div>\n\t\t\t\t<\/div>\n\t\t<div class=\"elementor-element elementor-element-2b4a0a2 e-con-full e-flex wpr-particle-no wpr-jarallax-no wpr-parallax-no wpr-sticky-section-no wpr-equal-height-no e-con e-child\" data-id=\"2b4a0a2\" data-element_type=\"container\" data-e-type=\"container\">\n\t\t\t\t<div class=\"elementor-element elementor-element-db4bf71 elementor-position-right elementor-vertical-align-top elementor-widget elementor-widget-image-box\" data-id=\"db4bf71\" data-element_type=\"widget\" data-e-type=\"widget\" data-widget_type=\"image-box.default\">\n\t\t\t\t<div class=\"elementor-widget-container\">\n\t\t\t\t\t<div class=\"elementor-image-box-wrapper\"><figure class=\"elementor-image-box-img\"><a href=\"https:\/\/mediachrist.net\/index.php\/derniere-meditation\/\" tabindex=\"-1\"><img loading=\"lazy\" decoding=\"async\" width=\"640\" height=\"427\" src=\"https:\/\/mediachrist.net\/wp-content\/uploads\/2024\/12\/bible-1869164_640.jpg\" class=\"attachment-full size-full wp-image-2347\" alt=\"\" srcset=\"https:\/\/mediachrist.net\/wp-content\/uploads\/2024\/12\/bible-1869164_640.jpg 640w, https:\/\/mediachrist.net\/wp-content\/uploads\/2024\/12\/bible-1869164_640-300x200.jpg 300w, https:\/\/mediachrist.net\/wp-content\/uploads\/2024\/12\/bible-1869164_640-600x400.jpg 600w\" sizes=\"(max-width: 640px) 100vw, 640px\" \/><\/a><\/figure><div class=\"elementor-image-box-content\"><h3 class=\"elementor-image-box-title\"><a href=\"https:\/\/mediachrist.net\/index.php\/derniere-meditation\/\">m\u00e9ditations quotidiennes<\/a><\/h3><p class=\"elementor-image-box-description\">Envie de fortifier et renouveler votre foi au quotidien ? Nous vous proposons chaque jour une m\u00e9ditation courte et ancr\u00e9e dans les v\u00e9rit\u00e9s bibliques.<\/p><\/div><\/div>\t\t\t\t<\/div>\n\t\t\t\t<\/div>\n\t\t\t\t<\/div>\n\t\t\t\t\t<\/div>\n\t\t\t\t<\/div>\n\t\t\t\t<\/div>\n\t\t","protected":false},"excerpt":{"rendered":"<p>pour soi-m\u00eame Articles du blog Des r\u00e9flexions enrichissantes et inspir\u00e9es, ancr\u00e9es dans les enseignements bibliques. Que vous soyez en qu\u00eate de r\u00e9ponses, de r\u00e9confort ou d&rsquo;encouragement, ces articles visent \u00e0 nourrir votre \u00e2me et \u00e0 renforcer votre relation avec Dieu. cours biblique Avec le cours en vid\u00e9o \u00ab\u00a0V\u00e9rit\u00e9s de la Bible\u00a0\u00bb nous vous proposons un parcours qui vous plonge au c\u0153ur des enseignements essentiels de la Bible, structur\u00e9 selon le Petit Cat\u00e9chisme du Dr. Martin Luther. brochure du moment P\u00e9riodiquement, nous mettons en lumi\u00e8re une brochure sp\u00e9cifique issue de notre collection. Cette litt\u00e9rature approfondit divers aspects de la vie, offrant une perspective chr\u00e9tienne enrichissante et des r\u00e9flexions inspirantes. m\u00e9ditations quotidiennes Envie de fortifier et renouveler votre foi au quotidien ? Nous vous proposons chaque jour une m\u00e9ditation courte et ancr\u00e9e dans les v\u00e9rit\u00e9s bibliques.<\/p>\n","protected":false},"author":1,"featured_media":0,"parent":604,"menu_order":0,"comment_status":"closed","ping_status":"closed","template":"","meta":{"site-sidebar-layout":"no-sidebar","site-content-layout":"","ast-site-content-layout":"full-width-container","site-content-style":"default","site-sidebar-style":"default","ast-global-header-display":"","ast-banner-title-visibility":"","ast-main-header-display":"","ast-hfb-above-header-display":"","ast-hfb-below-header-display":"","ast-hfb-mobile-header-display":"","site-post-title":"disabled","ast-breadcrumbs-content":"","ast-featured-img":"disabled","footer-sml-layout":"","ast-disable-related-posts":"","theme-transparent-header-meta":"","adv-header-id-meta":"","stick-header-meta":"","header-above-stick-meta":"","header-main-stick-meta":"","header-below-stick-meta":"","astra-migrate-meta-layouts":"default","ast-page-background-enabled":"default","ast-page-background-meta":{"desktop":{"background-color":"var(--ast-global-color-4)","background-image":"","background-repeat":"repeat","background-position":"center center","background-size":"auto","background-attachment":"scroll","background-type":"","background-media":"","overlay-type":"","overlay-color":"","overlay-opacity":"","overlay-gradient":""},"tablet":{"background-color":"","background-image":"","background-repeat":"repeat","background-position":"center center","background-size":"auto","background-attachment":"scroll","background-type":"","background-media":"","overlay-type":"","overlay-color":"","overlay-opacity":"","overlay-gradient":""},"mobile":{"background-color":"","background-image":"","background-repeat":"repeat","background-position":"center center","background-size":"auto","background-attachment":"scroll","background-type":"","background-media":"","overlay-type":"","overlay-color":"","overlay-opacity":"","overlay-gradient":""}},"ast-content-background-meta":{"desktop":{"background-color":"var(--ast-global-color-5)","background-image":"","background-repeat":"repeat","background-position":"center center","background-size":"auto","background-attachment":"scroll","background-type":"","background-media":"","overlay-type":"","overlay-color":"","overlay-opacity":"","overlay-gradient":""},"tablet":{"background-color":"var(--ast-global-color-5)","background-image":"","background-repeat":"repeat","background-position":"center center","background-size":"auto","background-attachment":"scroll","background-type":"","background-media":"","overlay-type":"","overlay-color":"","overlay-opacity":"","overlay-gradient":""},"mobile":{"background-color":"var(--ast-global-color-5)","background-image":"","background-repeat":"repeat","background-position":"center center","background-size":"auto","background-attachment":"scroll","background-type":"","background-media":"","overlay-type":"","overlay-color":"","overlay-opacity":"","overlay-gradient":""}},"footnotes":""},"class_list":["post-1623","page","type-page","status-publish","hentry"],"yoast_head":"<!-- This site is optimized with the Yoast SEO plugin v27.5 - https:\/\/yoast.com\/product\/yoast-seo-wordpress\/ -->\n<title>Ressources pour soi-m\u00eame - L&#039;Heure Luth\u00e9rienne<\/title>\n<meta name=\"robots\" content=\"index, follow, max-snippet:-1, max-image-preview:large, max-video-preview:-1\" \/>\n<link rel=\"canonical\" href=\"https:\/\/mediachrist.net\/index.php\/ressources\/ressources-pour-soi-meme\/\" \/>\n<meta property=\"og:locale\" content=\"fr_FR\" \/>\n<meta property=\"og:type\" content=\"article\" \/>\n<meta property=\"og:title\" content=\"Ressources pour soi-m\u00eame - L&#039;Heure Luth\u00e9rienne\" \/>\n<meta property=\"og:description\" content=\"pour soi-m\u00eame Articles du blog Des r\u00e9flexions enrichissantes et inspir\u00e9es, ancr\u00e9es dans les enseignements bibliques. Que vous soyez en qu\u00eate de r\u00e9ponses, de r\u00e9confort ou d&rsquo;encouragement, ces articles visent \u00e0 nourrir votre \u00e2me et \u00e0 renforcer votre relation avec Dieu. cours biblique Avec le cours en vid\u00e9o \u00ab\u00a0V\u00e9rit\u00e9s de la Bible\u00a0\u00bb nous vous proposons un parcours qui vous plonge au c\u0153ur des enseignements essentiels de la Bible, structur\u00e9 selon le Petit Cat\u00e9chisme du Dr. Martin Luther. brochure du moment P\u00e9riodiquement, nous mettons en lumi\u00e8re une brochure sp\u00e9cifique issue de notre collection. Cette litt\u00e9rature approfondit divers aspects de la vie, offrant une perspective chr\u00e9tienne enrichissante et des r\u00e9flexions inspirantes. m\u00e9ditations quotidiennes Envie de fortifier et renouveler votre foi au quotidien ? Nous vous proposons chaque jour une m\u00e9ditation courte et ancr\u00e9e dans les v\u00e9rit\u00e9s bibliques.\" \/>\n<meta property=\"og:url\" content=\"https:\/\/mediachrist.net\/index.php\/ressources\/ressources-pour-soi-meme\/\" \/>\n<meta property=\"og:site_name\" content=\"L&#039;Heure Luth\u00e9rienne\" \/>\n<meta property=\"article:publisher\" content=\"https:\/\/www.facebook.com\/profile.php?id=100069111227754\" \/>\n<meta property=\"article:modified_time\" content=\"2025-01-03T18:02:29+00:00\" \/>\n<meta property=\"og:image\" content=\"https:\/\/mediachrist.net\/wp-content\/uploads\/2024\/07\/bible_priere.jpg\" \/>\n\t<meta property=\"og:image:width\" content=\"1280\" \/>\n\t<meta property=\"og:image:height\" content=\"853\" \/>\n\t<meta property=\"og:image:type\" content=\"image\/jpeg\" \/>\n<meta name=\"twitter:card\" content=\"summary_large_image\" \/>\n<meta name=\"twitter:label1\" content=\"Dur\u00e9e de lecture estim\u00e9e\" \/>\n\t<meta name=\"twitter:data1\" content=\"2 minutes\" \/>\n<script type=\"application\/ld+json\" class=\"yoast-schema-graph\">{\"@context\":\"https:\\\/\\\/schema.org\",\"@graph\":[{\"@type\":\"WebPage\",\"@id\":\"https:\\\/\\\/mediachrist.net\\\/index.php\\\/ressources\\\/ressources-pour-soi-meme\\\/\",\"url\":\"https:\\\/\\\/mediachrist.net\\\/index.php\\\/ressources\\\/ressources-pour-soi-meme\\\/\",\"name\":\"Ressources pour soi-m\u00eame - L&#039;Heure Luth\u00e9rienne\",\"isPartOf\":{\"@id\":\"https:\\\/\\\/mediachrist.net\\\/#website\"},\"primaryImageOfPage\":{\"@id\":\"https:\\\/\\\/mediachrist.net\\\/index.php\\\/ressources\\\/ressources-pour-soi-meme\\\/#primaryimage\"},\"image\":{\"@id\":\"https:\\\/\\\/mediachrist.net\\\/index.php\\\/ressources\\\/ressources-pour-soi-meme\\\/#primaryimage\"},\"thumbnailUrl\":\"https:\\\/\\\/mediachrist.net\\\/wp-content\\\/uploads\\\/2024\\\/07\\\/bible_priere.jpg\",\"datePublished\":\"2024-10-11T16:51:11+00:00\",\"dateModified\":\"2025-01-03T18:02:29+00:00\",\"breadcrumb\":{\"@id\":\"https:\\\/\\\/mediachrist.net\\\/index.php\\\/ressources\\\/ressources-pour-soi-meme\\\/#breadcrumb\"},\"inLanguage\":\"fr-FR\",\"potentialAction\":[{\"@type\":\"ReadAction\",\"target\":[\"https:\\\/\\\/mediachrist.net\\\/index.php\\\/ressources\\\/ressources-pour-soi-meme\\\/\"]}]},{\"@type\":\"ImageObject\",\"inLanguage\":\"fr-FR\",\"@id\":\"https:\\\/\\\/mediachrist.net\\\/index.php\\\/ressources\\\/ressources-pour-soi-meme\\\/#primaryimage\",\"url\":\"https:\\\/\\\/mediachrist.net\\\/wp-content\\\/uploads\\\/2024\\\/07\\\/bible_priere.jpg\",\"contentUrl\":\"https:\\\/\\\/mediachrist.net\\\/wp-content\\\/uploads\\\/2024\\\/07\\\/bible_priere.jpg\",\"width\":1280,\"height\":853},{\"@type\":\"BreadcrumbList\",\"@id\":\"https:\\\/\\\/mediachrist.net\\\/index.php\\\/ressources\\\/ressources-pour-soi-meme\\\/#breadcrumb\",\"itemListElement\":[{\"@type\":\"ListItem\",\"position\":1,\"name\":\"Accueil\",\"item\":\"https:\\\/\\\/mediachrist.net\\\/\"},{\"@type\":\"ListItem\",\"position\":2,\"name\":\"Ressources\",\"item\":\"https:\\\/\\\/mediachrist.net\\\/index.php\\\/ressources\\\/\"},{\"@type\":\"ListItem\",\"position\":3,\"name\":\"Ressources pour soi-m\u00eame\"}]},{\"@type\":\"WebSite\",\"@id\":\"https:\\\/\\\/mediachrist.net\\\/#website\",\"url\":\"https:\\\/\\\/mediachrist.net\\\/\",\"name\":\"mediachrist\",\"description\":\"La voix num\u00e9rique du Christ aux nations\",\"publisher\":{\"@id\":\"https:\\\/\\\/mediachrist.net\\\/#organization\"},\"potentialAction\":[{\"@type\":\"SearchAction\",\"target\":{\"@type\":\"EntryPoint\",\"urlTemplate\":\"https:\\\/\\\/mediachrist.net\\\/?s={search_term_string}\"},\"query-input\":{\"@type\":\"PropertyValueSpecification\",\"valueRequired\":true,\"valueName\":\"search_term_string\"}}],\"inLanguage\":\"fr-FR\"},{\"@type\":\"Organization\",\"@id\":\"https:\\\/\\\/mediachrist.net\\\/#organization\",\"name\":\"L'Heure Luth\u00e9rienne\",\"url\":\"https:\\\/\\\/mediachrist.net\\\/\",\"logo\":{\"@type\":\"ImageObject\",\"inLanguage\":\"fr-FR\",\"@id\":\"https:\\\/\\\/mediachrist.net\\\/#\\\/schema\\\/logo\\\/image\\\/\",\"url\":\"https:\\\/\\\/mediachrist.net\\\/wp-content\\\/uploads\\\/2025\\\/01\\\/Logo-512-HL-Couleur.png\",\"contentUrl\":\"https:\\\/\\\/mediachrist.net\\\/wp-content\\\/uploads\\\/2025\\\/01\\\/Logo-512-HL-Couleur.png\",\"width\":512,\"height\":512,\"caption\":\"L'Heure Luth\u00e9rienne\"},\"image\":{\"@id\":\"https:\\\/\\\/mediachrist.net\\\/#\\\/schema\\\/logo\\\/image\\\/\"},\"sameAs\":[\"https:\\\/\\\/www.facebook.com\\\/profile.php?id=100069111227754\",\"https:\\\/\\\/www.youtube.com\\\/@lheurelutherienne\",\"https:\\\/\\\/www.instagram.com\\\/heure.lutherienne\"]}]}<\/script>\n<!-- \/ Yoast SEO plugin. -->","yoast_head_json":{"title":"Ressources pour soi-m\u00eame - L&#039;Heure Luth\u00e9rienne","robots":{"index":"index","follow":"follow","max-snippet":"max-snippet:-1","max-image-preview":"max-image-preview:large","max-video-preview":"max-video-preview:-1"},"canonical":"https:\/\/mediachrist.net\/index.php\/ressources\/ressources-pour-soi-meme\/","og_locale":"fr_FR","og_type":"article","og_title":"Ressources pour soi-m\u00eame - L&#039;Heure Luth\u00e9rienne","og_description":"pour soi-m\u00eame Articles du blog Des r\u00e9flexions enrichissantes et inspir\u00e9es, ancr\u00e9es dans les enseignements bibliques. Que vous soyez en qu\u00eate de r\u00e9ponses, de r\u00e9confort ou d&rsquo;encouragement, ces articles visent \u00e0 nourrir votre \u00e2me et \u00e0 renforcer votre relation avec Dieu. cours biblique Avec le cours en vid\u00e9o \u00ab\u00a0V\u00e9rit\u00e9s de la Bible\u00a0\u00bb nous vous proposons un parcours qui vous plonge au c\u0153ur des enseignements essentiels de la Bible, structur\u00e9 selon le Petit Cat\u00e9chisme du Dr. Martin Luther. brochure du moment P\u00e9riodiquement, nous mettons en lumi\u00e8re une brochure sp\u00e9cifique issue de notre collection. Cette litt\u00e9rature approfondit divers aspects de la vie, offrant une perspective chr\u00e9tienne enrichissante et des r\u00e9flexions inspirantes. m\u00e9ditations quotidiennes Envie de fortifier et renouveler votre foi au quotidien ? Nous vous proposons chaque jour une m\u00e9ditation courte et ancr\u00e9e dans les v\u00e9rit\u00e9s bibliques.","og_url":"https:\/\/mediachrist.net\/index.php\/ressources\/ressources-pour-soi-meme\/","og_site_name":"L&#039;Heure Luth\u00e9rienne","article_publisher":"https:\/\/www.facebook.com\/profile.php?id=100069111227754","article_modified_time":"2025-01-03T18:02:29+00:00","og_image":[{"width":1280,"height":853,"url":"https:\/\/mediachrist.net\/wp-content\/uploads\/2024\/07\/bible_priere.jpg","type":"image\/jpeg"}],"twitter_card":"summary_large_image","twitter_misc":{"Dur\u00e9e de lecture estim\u00e9e":"2 minutes"},"schema":{"@context":"https:\/\/schema.org","@graph":[{"@type":"WebPage","@id":"https:\/\/mediachrist.net\/index.php\/ressources\/ressources-pour-soi-meme\/","url":"https:\/\/mediachrist.net\/index.php\/ressources\/ressources-pour-soi-meme\/","name":"Ressources pour soi-m\u00eame - L&#039;Heure Luth\u00e9rienne","isPartOf":{"@id":"https:\/\/mediachrist.net\/#website"},"primaryImageOfPage":{"@id":"https:\/\/mediachrist.net\/index.php\/ressources\/ressources-pour-soi-meme\/#primaryimage"},"image":{"@id":"https:\/\/mediachrist.net\/index.php\/ressources\/ressources-pour-soi-meme\/#primaryimage"},"thumbnailUrl":"https:\/\/mediachrist.net\/wp-content\/uploads\/2024\/07\/bible_priere.jpg","datePublished":"2024-10-11T16:51:11+00:00","dateModified":"2025-01-03T18:02:29+00:00","breadcrumb":{"@id":"https:\/\/mediachrist.net\/index.php\/ressources\/ressources-pour-soi-meme\/#breadcrumb"},"inLanguage":"fr-FR","potentialAction":[{"@type":"ReadAction","target":["https:\/\/mediachrist.net\/index.php\/ressources\/ressources-pour-soi-meme\/"]}]},{"@type":"ImageObject","inLanguage":"fr-FR","@id":"https:\/\/mediachrist.net\/index.php\/ressources\/ressources-pour-soi-meme\/#primaryimage","url":"https:\/\/mediachrist.net\/wp-content\/uploads\/2024\/07\/bible_priere.jpg","contentUrl":"https:\/\/mediachrist.net\/wp-content\/uploads\/2024\/07\/bible_priere.jpg","width":1280,"height":853},{"@type":"BreadcrumbList","@id":"https:\/\/mediachrist.net\/index.php\/ressources\/ressources-pour-soi-meme\/#breadcrumb","itemListElement":[{"@type":"ListItem","position":1,"name":"Accueil","item":"https:\/\/mediachrist.net\/"},{"@type":"ListItem","position":2,"name":"Ressources","item":"https:\/\/mediachrist.net\/index.php\/ressources\/"},{"@type":"ListItem","position":3,"name":"Ressources pour soi-m\u00eame"}]},{"@type":"WebSite","@id":"https:\/\/mediachrist.net\/#website","url":"https:\/\/mediachrist.net\/","name":"mediachrist","description":"La voix num\u00e9rique du Christ aux nations","publisher":{"@id":"https:\/\/mediachrist.net\/#organization"},"potentialAction":[{"@type":"SearchAction","target":{"@type":"EntryPoint","urlTemplate":"https:\/\/mediachrist.net\/?s={search_term_string}"},"query-input":{"@type":"PropertyValueSpecification","valueRequired":true,"valueName":"search_term_string"}}],"inLanguage":"fr-FR"},{"@type":"Organization","@id":"https:\/\/mediachrist.net\/#organization","name":"L'Heure Luth\u00e9rienne","url":"https:\/\/mediachrist.net\/","logo":{"@type":"ImageObject","inLanguage":"fr-FR","@id":"https:\/\/mediachrist.net\/#\/schema\/logo\/image\/","url":"https:\/\/mediachrist.net\/wp-content\/uploads\/2025\/01\/Logo-512-HL-Couleur.png","contentUrl":"https:\/\/mediachrist.net\/wp-content\/uploads\/2025\/01\/Logo-512-HL-Couleur.png","width":512,"height":512,"caption":"L'Heure Luth\u00e9rienne"},"image":{"@id":"https:\/\/mediachrist.net\/#\/schema\/logo\/image\/"},"sameAs":["https:\/\/www.facebook.com\/profile.php?id=100069111227754","https:\/\/www.youtube.com\/@lheurelutherienne","https:\/\/www.instagram.com\/heure.lutherienne"]}]}},"_links":{"self":[{"href":"https:\/\/mediachrist.net\/index.php\/wp-json\/wp\/v2\/pages\/1623","targetHints":{"allow":["GET"]}}],"collection":[{"href":"https:\/\/mediachrist.net\/index.php\/wp-json\/wp\/v2\/pages"}],"about":[{"href":"https:\/\/mediachrist.net\/index.php\/wp-json\/wp\/v2\/types\/page"}],"author":[{"embeddable":true,"href":"https:\/\/mediachrist.net\/index.php\/wp-json\/wp\/v2\/users\/1"}],"replies":[{"embeddable":true,"href":"https:\/\/mediachrist.net\/index.php\/wp-json\/wp\/v2\/comments?post=1623"}],"version-history":[{"count":37,"href":"https:\/\/mediachrist.net\/index.php\/wp-json\/wp\/v2\/pages\/1623\/revisions"}],"predecessor-version":[{"id":2457,"href":"https:\/\/mediachrist.net\/index.php\/wp-json\/wp\/v2\/pages\/1623\/revisions\/2457"}],"up":[{"embeddable":true,"href":"https:\/\/mediachrist.net\/index.php\/wp-json\/wp\/v2\/pages\/604"}],"wp:attachment":[{"href":"https:\/\/mediachrist.net\/index.php\/wp-json\/wp\/v2\/media?parent=1623"}],"curies":[{"name":"wp","href":"https:\/\/api.w.org\/{rel}","templated":true}]}}